the prime factors of l(9).
2, 3, 7
Let p = -89 - -141. Let i = 47 - p. List the prime factors of (1 + 40)/((-156)/(-30) + i).
5, 41
Let o(n) = 23*n**2 + 14*n - 54. List the prime factors of o(25).
17, 863
Suppose -s = -4*s - 318. Let k(p) = 10*p + 2. Let t be k(16). Let m = s + t. List the prime factors of m.
2, 7
Let i = 140285 - 77054. What are the prime factors of i?
3, 7, 3011
Suppose m + 2*i - 2 = -0*m, -3*i = -3*m - 3. List the prime factors of (m - (-108)/(-8))*4/(-2).
3
Let h(a) = 10*a - 17. Let p = -78 - -91. Let g be h(p). List the prime factors of g - -49 - 1/(-2)*0.
2, 3
Let z be (-7 - -5) + (-27)/(-1). Let n = 135 - 133. Suppose -r + 27 = m, -n*r + z = m - 0*r. What are the prime factors of m?
29
Suppose 244*s + 4808961 - 15841638 = 5767699. List the prime factors of s.
2, 173, 199
Let y = -28728 + 67851. What are the prime factors of y?
3, 7, 23
Let y(t) = -586*t - 98. Let d(c) = 588*c + 97. Let w(j) = -5*d(j) - 6*y(j). List the prime factors of w(3).
1831
Suppose a - 3 = n, 0 = -4*a - n - 3*n + 12. Suppose y - a*v + 159 = 5*y, 0 = 4*y + v - 149. List the prime factors of y.
2, 3
Let m(v) = 299*v + 249. What are the prime factors of m(9)?
2, 3, 5, 7
What are the prime factors of (-11138295)/(-2303) + (-9)/21?
2, 3, 13, 31
Let j = 63308 - 31649. What are the prime factors of j?
3, 61, 173
Let n(y) = 5*y + 441. Let x be n(0). Let d = -346 + x. List the prime factors of d.
5, 19
Let d be 105/(-20) + (-9)/12. List the prime factors of (((-21)/d)/7)/((-1)/(-804)).
2, 3, 67
Let b(s) = s**2 - 8*s - 7. Let n be b(9). Suppose 20*a = n*a + 2466. What are the prime factors of a?
137
Let t be -1 - (-3 - -3 - 1). Suppose 42*f = 40*f + 6. Suppose -4*d + f*d + 132 = t. What are the prime factors of d?
2, 3, 11
Let y = 365 - 363. Suppose -4*s + 5869 + 609 = b, 0 = -4*s - y*b + 6476. List the prime factors of s.
2, 3, 5
Let w = -633 + 637. What are the prime factors of (-1485)/(-6) + -4 + 2/w?
2, 61
Suppose -19*t = -4*t + 13260. Let i = t + 1016. What are the prime factors of i?
2, 3, 11
Suppose -3*b - 6 = 0, 0 = q - 5*q + 5*b + 42810. List the prime factors of q.
2, 5, 107
Suppose 73 = 26*i - 5. List the prime factors of -4*((-5)/i + 4874/(-24)).
3, 7, 13
Suppose -5*j = v - 219822, -j + 5*v + 30741 + 13213 = 0. List the prime factors of j.
2, 29, 379
Let y be 3/2 - 14/28. Let z be 0/(4 + -9)*y. Let u(s) = -2*s + 62. List the prime factors of u(z).
2, 31
Let n(z) = z**2 - 21*z - 41. Let l = 92 - 66. List the prime factors of n(l).
89
Let w = 206 + -12. Suppose 201 = 3*a + 5*i - w, a + i = 135. What are the prime factors of a?
2, 5, 7
List the prime factors of ((-23040)/27 - 13)*(-6)/(-4)*-2.
23, 113
Suppose -226*k = -355756 - 949620. List the prime factors of k.
2, 19
Let d = 113 + -115. List the prime factors of (-13 - -6 - d) + 589.
2, 73
Let v(a) = 5*a - 11. Let q be v(3). Suppose 0 = 2*g + q*g - 774. Suppose -7*k - g = -8*k. What are the prime factors of k?
3, 43
Let y = 49766 - 35041. What are the prime factors of y?
5, 19, 31
Let h = -8476 - -13061. List the prime factors of h.
5, 7, 131
Let u(z) = 8*z + 104. Let f be u(-14). Let h(m) = 2*m**2 + 2*m - 63. List the prime factors of h(f).
7
Suppose 0 = 6*o - y - 300938, -2*o + 11*y + 100286 = 14*y. What are the prime factors of o?
5, 7, 1433
Let l(x) = x - 2. Let c(q) = -15*q - 86. Let j(f) = -c(f) - 4*l(f). List the prime factors of j(27).
17, 23
Suppose 134*a - 102*a = 82688. What are the prime factors of a?
2, 17, 19
Suppose x - 2*b = 1614, 3*x + 2*x = 3*b + 8091. Suppose x = 16*z - 6*z. List the prime factors of z.
2, 3
Let l(r) = -43*r**3 + r**2 + 25*r + 109. List the prime factors of l(-4).
2777
Let v(l) be the second derivative of l**5/10 - l**4/2 + 5*l**3/6 - 14*l**2 - 29*l. List the prime factors of v(9).
23, 43
Let i(g) = g**2 - 12*g + 5. Let z be i(12). Suppose 0 = z*f - 3*p - 12, 3*f - p = 1 + 3. Suppose f = 6*l - 159 - 261. List the prime factors of l.
2, 5, 7
Suppose 51072 - 485289 = -29*o. What are the prime factors of o?
3, 7, 23, 31
Suppose -83 = -2*k + 13. Let f be (64/k)/((-2)/(-60)). Let j = f - -224. What are the prime factors of j?
2, 3, 11
Let d(b) be the first derivative of 157*b**4/4 + b**2/2 - 10. Let k be d(-1). List the prime factors of -3 - (4 + k) - 5.
2, 73
Suppose -5*t + 5*y = -36890, -25*t + 22*t - 4*y = -22155. List the prime factors of t.
11, 61
Let j = -352 - -940. Suppose -68*d = -74*d + j. What are the prime factors of d?
2, 7
Let u(a) = -46*a + 1426. What are the prime factors of u(-42)?
2, 23, 73
Suppose 2*m + 9*p = 14*p + 1695, 5*m - 5*p = 4200. Let n = m - 449. List the prime factors of n.
2, 193
Let o be 6 + 0 + (0 - (2 + -4)). Suppose -y = o*y - 90. Suppose y*f - 330 = -f. List the prime factors of f.
2, 3, 5
Let t be (-9)/((12/14)/6). Let z = -65 - -220. Let p = z - t. What are the prime factors of p?
2, 109
Let x(z) = -z**2 - 2*z + 63. Let b be x(-9). Suppose 101*v - 105*v + 1512 = b. List the prime factors of v.
2, 3, 7
Suppose 160*t - 143*t = 33082. What are the prime factors of t?
2, 7, 139
Let u = -77019 + 131201. List the prime factors of u.
2, 27091
Let p = 14767 + -14765. Suppose 0 = 2*t - 5*w - 793, 5*t - 1966 = -6*w + 2*w. Suppose -t = -0*i - p*i. What are the prime factors of i?
197
List the prime factors of (-24830)/(-2) - ((6 - 8) + 1 + 0).
2, 97
Suppose -10*u = -8*u - 31360. Suppose 46*n - u = 32*n. List the prime factors of n.
2, 5, 7
Let r be (-30)/(2 - 5)*8/5. Let o = r + -11. Suppose 2*d - 15 = -0*d - o*t, 0 = -5*d - t + 95. List the prime factors of d.
2, 5
Let o = -16 + 19. Suppose 2*g = -4*w + 182, -160 - 256 = -5*g + o*w. What are the prime factors of g + -1*(5 - 2)?
2, 41
Let r(u) be the first derivative of u**2 + 8/3*u**3 + 0*u - 2. List the prime factors of r(2).
2, 3
Let z be 46/8 - 4/(-16). Suppose 7*n = z*n. List the prime factors of (n + 78)/(-11 - -13).
3, 13
Suppose 0 = 11*o + 18 + 37. Suppose 7*w - 9*w + 12 = 0. What are the prime factors of 63 + (o - w/(-2))?
61
Let s(o) be the third derivative of 11/20*o**5 + 1/8*o**4 + o**3 - 22*o**2 + 0*o + 0. What are the prime factors of s(-2)?
2, 3, 11
Let r = 2967 - 1807. List the prime factors of r.
2, 5, 29
Let u be 226/9 - 0 - (-14)/(-126). Suppose 4*g + 0*m - 5*m = u, 3*m = -3. Suppose g*n - 5*l = 505, -8*l = -2*n - 3*l + 196. List the prime factors of n.
103
Let v(d) = 23*d**2 - 4*d**3 + 5*d**3 - 6*d**3 + 6*d**3 - 34 + 14*d. Suppose 0 = 2*t - 7*t + 2*w - 106, 4*w = 4*t + 80. List the prime factors of v(t).
2, 71
Suppose 224*q = 223*q + 174. List the prime factors of q.
2, 3, 29
Let j = 1 - -3. Suppose 3*v + 8 = -j*m - m, 20 = 2*v - 3*m. Suppose v*k - 52 - 416 = 0. What are the prime factors of k?
3, 13
Suppose 152 = 2*i + 148. Suppose 4*j - 3*x - 1854 - 1479 = 0, -5*j + 4172 = i*x. What are the prime factors of j?
2, 3, 139
Suppose 0 = -2*v, -48 = 4*r - 2*v - 580. Suppose -2*p - p + 147 = 0. Let o = r - p. What are the prime factors of o?
2, 3, 7
Let b = -167 + 203. Suppose -1445 = -b*s + 19*s. List the prime factors of s.
5, 17
Suppose 15*o - 13*o = g - 478, g - 3*o - 479 = 0. List the prime factors of g.
2, 7, 17
Let l = -45 - -105. Let i = l - 50. What are the prime factors of 2080/8*4/i?
2, 13
Let o = 93 - 64. Suppose 4*t - o - 59 = 0. Suppose 7*f - t = 706. List the prime factors of f.
2, 13
Let a(i) = i**2 + 64. Let s(m) = m - 18. Let w be s(14). Let g be ((0/(-3))/w)/1. What are the prime factors of a(g)?
2
Let v(f) = -f**3 - 4*f**2 + f. Let w be v(-4). Let q(b) = b**3 + 51*b**2 - 60*b + 34. Let u be q(-52). What are the prime factors of u/3 - (w - -1)?
3, 17
Let p = -23407 + 47551. What are the prime factors of p?
2, 3, 503
What are the prime factors of (-5004)/30*590/(-177)?
2, 139
Let o be (170/(-15))/(1/(45/6)). Let s = -81 - o. Suppose s*j + 3*z - 352 = 222, -5*z = 3*j - 436. List the prime factors of j.
2, 71
What are the prime factors of 10 + -15 + 9 - -1606?
2, 5, 7, 23
Let c(s) = 7*s**2 + 99*s + 87. What are the prime factors of c(-35)?
5197
Suppose 0 = k + 2*g - 212, -2*k + g = 3*g - 424. Suppose 7*j + k = 16. Let n = 3 - j. List the prime factors of n.
31
Suppose 10*k = -39*n + 42*n + 63072, -5*k + 31546 = -4*n. List the prime factors of k.
2, 3, 1051
Suppose 2*d + 25809 = 3*t, -2*t + 2*d + 26613 - 9405 = 0. List the prime factors of t.
3, 47, 61
L